**3 + z**3 - 42*z**3 - 3*z**3. Is o(-4) a prime number?
True
Let s be 4/(8/(-6)) + 7. Suppose f - 3*h - 7 = 2*f, s*h + 14 = f. Suppose -5*j = -3*n + 5*n - 2742, -f*j = 4*n - 5452. Is n a composite number?
False
Let x = -24 - -23. Let m be (14 + -13)/((-78)/75 - x). Is ((-60)/m)/(-3)*1730/(-4) prime?
False
Let o(z) = -28051*z + 1889. Is o(-2) composite?
False
Let x(t) = 27*t**2 - 314*t + 2184. Is x(125) prime?
False
Let m(d) = 3*d**2 + 5*d - 8. Let b be m(4). Suppose 181*u + b = 186*u. Is (-3)/((-9)/4089) - 24/u a prime number?
True
Suppose -38*j - 966371 = -45*j. Is j a composite number?
False
Suppose -3*g + 6*g - 6 = 0, -y + 3*g - 466 = 0. Let r = 1860 + -1077. Let x = r + y. Is x a prime number?
False
Let l(f) = 161*f - 14. Let a(m) = -m - 1. Let d(u) = -5*a(u) + l(u). Let j be d(-3). Is (-16 - j) + 0/2 prime?
True
Let d(w) = -145*w - 33. Let z be d(-8). Suppose -4*r = -2*p + z + 247, -3*r = -5*p + 3414. Is p composite?
True
Suppose 4*f = -2*x + 142, -15*f + 20*f + 5*x - 165 = 0. Suppose 31*d - f*d = -128303. Is d composite?
False
Let z be 1*(-81864)/(0 + 8). Let f = 16904 + z. Is f composite?
True
Let g = 113 - 173. Let s = -46 - g. Suppose -s*i + 7*i + 9527 = 0. Is i a prime number?
True
Let c = -216 + 366. Is c/(-125)*41505/(-6) composite?
True
Suppose 2*z - 23301 = -25*z. Suppose 868*d - z*d = 42265. Is d a prime number?
False
Suppose -40 = -2*w + 2*k, -w + k + 14 = 6*k. Suppose -139162 - 219862 = -w*z. Suppose -z = -11*f + 3*f. Is f a composite number?
True
Suppose 7*d - 2818442 = -15*d. Is d composite?
False
Let x = 322469 - -205020. Is x composite?
False
Let q(m) = -m**3 + 18*m**2 - 18*m + 20. Let s be q(17). Suppose -5*b + 3697 = 2*l, -s*b - 20 = -5. Is l prime?
True
Let d(h) = 45*h + 0*h + 30*h - 7. Let o be d(3). Suppose -a = a - o. Is a a composite number?
False
Let b = 9304 + -4757. Is b a composite number?
False
Suppose -10 + 15 = 5*f. Let x be (-930)/(-33) + f + (-4)/22. Let m = x - -42. Is m a prime number?
True
Let z(p) be the third derivative of 0*p + 0 + 313/60*p**5 + 0*p**4 - 1/2*p**3 + 48*p**2. Is z(2) composite?
False
Suppose -2*c = -5*s - 329428, -4*c - 208157 = -5*s - 867043. Is c a prime number?
True
Suppose 1002 - 7637 = 5*v. Let p = 1804 - v. Is p prime?
False
Let j be (1 - 8013)*2/(-8). Let s = -1368 + j. Suppose 3*x + 3*b - s = 5*b, 0 = -4*b - 4. Is x prime?
True
Suppose -5*l + 3*c - 5*c = 18, 5 = -l + c. Let b be l/(-20) + 27/15. Suppose 651 = -b*v + 5*v. Is v prime?
False
Suppose 28*x - 101*x + 39676419 = 80*x. Is x a composite number?
True
Let u = 1374 - 537. Suppose -6*l + 273 = -u. Is l a prime number?
False
Suppose 0 = -5*x + 2*x + 12, -2*a + x = -468. Is a*(-1 + 255/20) prime?
False
Let p be (3/(9/(-5)))/(14/126). Is (-6)/(-2) + p + 511 prime?
True
Suppose 3*f - 3 = -4*t + 5*t, -4*f = -2*t - 4. Let b be t - (26/(-6) + (-10)/(-30)). Suppose b*v - 1092 = 4896. Is v a prime number?
False
Let q be (-16 + 19)/(2/10). Suppose 0 = -c - 4*c + q. Suppose c*y - 156 = 111. Is y a prime number?
True
Let x = 22 - 18. Suppose 2*k + 4*n = 834, n + 729 = x*k - 939. Is 127*k/12 + 1/(-4) prime?
False
Let k be -3 + -2 + 0 + 0. Let l(i) = 529*i**3 + 6*i**2 - 4*i - 6. Let s be l(k). Is (-2)/(-7) - s/147 a composite number?
False
Let s = -274 + 68. Let m(v) = 298*v - 1. Let y be m(1). Let l = y + s. Is l a prime number?
False
Suppose 2*o + 32 = 10*o. Suppose -3*u + 629 = c, -c - o = -0. Is u a prime number?
True
Suppose 0 = 4*r - 9*r - 2*a - 2464875, 0 = -4*r + 4*a - 1971900. Is (-1)/4 - (r/(-20))/(-15) prime?
False
Let g be 55/22 + (-12)/(-8). Suppose 2159 = g*n - 2*n + 3*c, 3*n = 2*c + 3271. Is n prime?
True
Let c(w) = 11697*w - 82. Is c(11) composite?
True
Suppose q = 3*q - 22. Let y(c) = -c**2 - 21*c - 106. Let d be y(-11). Suppose m = -d*b + 414, b = -m - q + 116. Is b composite?
False
Is (7 - 9)/((-32)/74960) composite?
True
Let y(l) be the third derivative of l**6/120 + 2*l**5/15 + 31*l**4/12 + 19*l**3/6 + 3*l**2 - 17*l. Is y(12) a prime number?
True
Let s(f) = f**2 + 11*f + 5. Let g(l) = -l**2 - 10*l - 5. Let v(z) = -4*g(z) - 3*s(z). Let w be v(-4). Is 293 + -3 + (-4 - w) prime?
True
Let p(u) = -1678*u + 38. Let v be p(-16). Let j = -17243 + v. Is j a composite number?
False
Let v(x) = -6*x**3 - x**2 + 5*x - 1. Suppose -3*m = 14 + 4. Let z be (-4)/m - (-34)/(-6). Is v(z) a prime number?
False
Is (1 - 8/14) + (-16217032)/(-133) composite?
True
Let v(o) = -818*o + 27. Suppose z = p + 9, 2*p + 4*z - 5*z = -16. Is v(p) a composite number?
True
Let o = -8 + 8. Suppose -5*y - 5*a = -7670, a = -2*y - o*y + 3069. Is y prime?
False
Suppose 4*d + 6301413 = 9*d - 2*t, 2*d + 4*t - 2520570 = 0. Is d a composite number?
False
Let w = 7 + 13. Suppose -k - w = 4*k. Is (11/k)/(3004/752 - 4) prime?
False
Let n = 299093 - 157012. Is n composite?
True
Suppose -3*i + 419 = 35. Let d be ((-1)/2)/(32/(-11456)). Let j = d - i. Is j prime?
False
Suppose -y = -0*y - 8. Let z(w) = -22*w + 300. Let i be z(-7). Suppose 970 = y*n - i. Is n composite?
True
Suppose -2*q - 4*k = -1289950, 11*q + 1027203 = -5*k + 8121809. Is q a prime number?
False
Suppose 5*p + 0*p = 4*r - 9, 3*r + 3*p = 0. Let f be ((-15)/(-5)*1)/r. Is 45/(-15)*-2291*1/f prime?
False
Let t be 30293/(-5) + 18/30. Suppose -4*v = -4*p - 13968, -4*v + v - 14003 = 4*p. Let h = p - t. Is h prime?
False
Suppose -22838 - 9012 = -5*a. Let v = -2199 + a. Is v a composite number?
True
Let j(x) = -2 + 0 - 1 - 58*x. Let o be -1 + (-7)/(-5 - -12). Is j(o) prime?
True
Let i(b) = 2*b - 9 - 4*b + b**2 - 3*b - 3*b. Suppose -42 + 2 = -4*d + 2*h, 5*h = 5*d - 40. Is i(d) composite?
True
Let v(h) = -3*h**3 + 9*h**2 - 5*h - 6. Let m be v(9). Let u = m - -6154. Is u a prime number?
False
Suppose -c + 18*c = 68544. Let b = c - 799. Is b a composite number?
True
Suppose -23*y + y + 154 = 0. Suppose y*n - 37899 = 6180. Is n composite?
True
Suppose 2*u + 1 = 7, -5*w + 3*u - 14 = 0. Let r = w + 6. Suppose 0 = q + 3, -44 + r = -t + 2*q. Is t a prime number?
False
Let n be ((-985)/2)/((-10)/280). Let j be (6958/(-213))/(4/(-4566)). Suppose n = -9*g + j. Is g composite?
True
Suppose 20*i - 46 + 166 = 0. Let g(p) = -11*p**3 + p**2 - 14*p + 7. Is g(i) prime?
True
Let h(i) = -3*i + 4. Let f be h(0). Let n be (-3 - (-3 + 136))/(f/34). Let x = 1823 + n. Is x composite?
True
Suppose 2*s - 4*h - 161734 = 0, -s + 9*h = 8*h - 80872. Is s prime?
False
Suppose -7 + 52 = 3*r. Let q(l) = -291*l + 128. Let a(n) = -194*n + 84. Let v(j) = -8*a(j) + 5*q(j). Is v(r) prime?
True
Suppose -6*k = -8*k + 35158. Suppose -1554 = 5*w - k. Suppose 0*d + 3*m = 4*d - w, -3*d = 3*m - 2388. Is d composite?
True
Let h(a) = -51*a**2 + 86*a + 4. Let u be h(-6). Let n = u - -6754. Is n composite?
True
Let z(v) = 25787*v + 6924. Is z(61) a prime number?
True
Is -3*4496409/81*-3 prime?
True
Let m(f) = -f - 12*f**2 - f + 19*f + 2*f + f**3 + 6. Let h be m(10). Is (-3 - 731/h)/((-2)/(-8)) a prime number?
True
Let c = -39687 - -78968. Is c prime?
False
Suppose -3*c + 241501 = -5*q, 0 = -5*c + 3*q + 185244 + 217247. Is c composite?
True
Let y = -204 + 209. Suppose -4*m - 4*a + 14968 = 0, y*a = -m + 9*a + 3742. Is m composite?
True
Let q = -47 - -50. Suppose 0 = q*x, -3*o = 5*x - 2*x - 2763. Is o prime?
False
Suppose -3*o - 694 + 118 = -a, 5*o - 3*a + 956 = 0. Suppose -2*x = -g + 3*g - 2226, 0 = 5*x + 3*g - 5567. Let l = o + x. Is l composite?
True
Let v = -74300 + 143163. Is v composite?
False
Let x = 184422 - 105731. Is x composite?
False
Suppose -5*g + 59383 = 2*t - 9570, 12*t = -3*g + 413637. Is t prime?
True
Let a = -10871 + -1564. Let f = 2956 - a. Is 14/(-77) - 3/((-33)/f) a prime number?
True
Let o(a) = 535*a + 2019. Is o(40) a composite number?
True
Suppose 218*j - 42672731 - 144957471 = 0. Is j prime?
True
Let w(x) be the second derivative of 115*x**3/2 + 5*x**2/2 + 2*x - 12. Let y be w(10). Suppose 2*r = -u + 1789, -u - y = -4*r + 126. Is r a composite number?
True
Suppose -2*a + 14 = 2*u - 6*a, 0 = -2*a + 4. Let z(w) = w**3 - 4*w**2 - 25*w - 9. Is z(u) a prime number?
True
Let n be 2/(-6)*(3 - (0 - -3)). Let b(l) = 4*l**3 + 11*l**2 - 6*l + 4. Let w be b(4). Suppose 2*p - 2462 - w = n. Is p composite?
True
Let c(j) = -1643*j - 280. Let r(n) = -3287*n - 558. Let o(f) = -9*c(f) + 4*r(f). Is o(5) a prime number?
False
Let t be (8674/(-8))/(1/(-4)